s the remainder when 37878 is divided by 3103?
642
Calculate the remainder when 3892 is divided by 949.
96
Calculate the remainder when 149253 is divided by 8.
5
What is the remainder when 1594 is divided by 718?
158
Calculate the remainder when 635 is divided by 15.
5
What is the remainder when 3066 is divided by 2783?
283
Calculate the remainder when 2393 is divided by 9.
8
What is the remainder when 445 is divided by 37?
1
What is the remainder when 70003 is divided by 58?
55
Calculate the remainder when 1286 is divided by 42.
26
What is the remainder when 791793 is divided by 263923?
24
What is the remainder when 175766 is divided by 217?
213
Calculate the remainder when 1302 is divided by 112.
70
What is the remainder when 191409 is divided by 63803?
0
What is the remainder when 359274 is divided by 59875?
24
What is the remainder when 2376 is divided by 38?
20
Calculate the remainder when 25525 is divided by 10.
5
Calculate the remainder when 23235 is divided by 9.
6
What is the remainder when 47330 is divided by 245?
45
What is the remainder when 1221 is divided by 163?
80
Calculate the remainder when 595 is divided by 149.
148
Calculate the remainder when 33432 is divided by 72.
24
Calculate the remainder when 67406 is divided by 22464.
14
Calculate the remainder when 6076 is divided by 607.
6
Calculate the remainder when 1272 is divided by 364.
180
What is the remainder when 7801 is divided by 118?
13
Calculate the remainder when 4870837 is divided by 170.
167
Calculate the remainder when 10790 is divided by 42.
38
What is the remainder when 829491 is divided by 131?
130
Calculate the remainder when 13044 is divided by 2630.
2524
Calculate the remainder when 344074 is divided by 28.
10
Calculate the remainder when 34896 is divided by 2326.
6
Calculate the remainder when 9601 is divided by 4307.
987
What is the remainder when 30073 is divided by 58?
29
Calculate the remainder when 197964 is divided by 20.
4
Calculate the remainder when 1607 is divided by 284.
187
What is the remainder when 2960 is divided by 916?
212
Calculate the remainder when 1125 is divided by 1113.
12
Calculate the remainder when 142268 is divided by 468.
464
Calculate the remainder when 8578 is divided by 238.
10
Calculate the remainder when 51383 is divided by 43.
41
What is the remainder when 34597 is divided by 6916?
17
Calculate the remainder when 9461 is divided by 925.
211
What is the remainder when 4809 is divided by 956?
29
Calculate the remainder when 57180 is divided by 116.
108
Calculate the remainder when 172242 is divided by 477.
45
What is the remainder when 55766 is divided by 487?
248
Calculate the remainder when 9981 is divided by 2494.
5
Calculate the remainder when 1241 is divided by 37.
20
Calculate the remainder when 1932275 is divided by 10.
5
What is the remainder when 131762 is divided by 344?
10
What is the remainder when 79954 is divided by 4997?
2
What is the remainder when 3239 is divided by 332?
251
Calculate the remainder when 1499 is divided by 285.
74
Calculate the remainder when 1656 is divided by 21.
18
Calculate the remainder when 161756 is divided by 1254.
1244
What is the remainder when 207995 is divided by 15?
5
What is the remainder when 349032 is divided by 41?
40
Calculate the remainder when 227580 is divided by 37929.
6
What is the remainder when 376230 is divided by 754?
738
Calculate the remainder when 11010 is divided by 94.
12
Calculate the remainder when 998 is divided by 962.
36
What is the remainder when 715 is divided by 707?
8
Calculate the remainder when 9798 is divided by 265.
258
What is the remainder when 275090 is divided by 87?
83
Calculate the remainder when 12990 is divided by 113.
108
Calculate the remainder when 1675 is divided by 1674.
1
What is the remainder when 432902 is divided by 23?
19
What is the remainder when 2374237 is divided by 176?
173
What is the remainder when 5175 is divided by 403?
339
What is the remainder when 3501 is divided by 106?
3
What is the remainder when 6398 is divided by 88?
62
Calculate the remainder when 152631 is divided by 13.
11
What is the remainder when 1389 is divided by 1096?
293
What is the remainder when 3048 is divided by 590?
98
Calculate the remainder when 8060 is divided by 1953.
248
What is the remainder when 14391 is divided by 4796?
3
Calculate the remainder when 23353 is divided by 7766.
55
Calculate the remainder when 3750299 is divided by 1620.
1619
What is the remainder when 1935078 is divided by 14?
12
What is the remainder when 601725 is divided by 250?
225
Calculate the remainder when 3210 is divided by 15.
0
Calculate the remainder when 36181 is divided by 1005.
1
Calculate the remainder when 938 is divided by 349.
240
What is the remainder when 123753 is divided by 595?
588
Calculate the remainder when 12290 is divided by 67.
29
What is the remainder when 2380 is divided by 816?
748
Calculate the remainder when 2793 is divided by 213.
24
Calculate the remainder when 409834 is divided by 545.
539
Calculate the remainder when 4218586 is divided by 134.
132
What is the remainder when 5682 is divided by 721?
635
Calculate the remainder when 1261 is divided by 834.
427
What is the remainder when 9287 is divided by 45?
17
What is the remainder when 13188 is divided by 1009?
71
Calculate the remainder when 10889 is divided by 671.
153
What is the remainder when 21968 is divided by 1373?
0
Calculate the remainder when 22673 is divided by 2266.
13
What is the remainder when 1574 is divided by 25?
24
What is the remainder when 706998 is divided by 509?
506
What is the remainder when 298091 is divided by 99363?
2
What is the remainder when 498790 is divided by 168?
166
What is the remainder when 32007 is divided by 348?
339
What is the remainder when 845 is divided by 21?
5
Calculate the remainder when 1105 is divided by 63.
34
Calculate the remainder when 5030 is divided by 153.
134
Calculate the remainder when 1000174 is divided by 46.
42
Calculate the remainder when 614 is divided by 90.
74
What is the remainder when 5011 is divided by 500?
11
Calculate the remainder when 728958 is divided by 30.
18
What is the remainder when 91494 is divided by 18?
0
What is the remainder when 19197 is divided by 175?
122
What is the remainder when 464782 is divided by 77461?
16
What is the remainder when 17238 is divided by 8478?
282
Calculate the remainder when 1713 is divided by 496.
225
What is the remainder when 85019 is divided by 78?
77
What is the remainder when 97 is divided by 39?
19
What is the remainder when 2942 is divided by 590?
582
What is the remainder when 33766 is divided by 767?
18
What is the remainder when 779 is divided by 318?
143
What is the remainder when 6502 is divided by 15?
7
Calculate the remainder when 34101 is divided by 10653.
2142
What is the remainder when 3580 is divided by 197?
34
What is the remainder when 27395 is divided by 2735?
45
What is the remainder when 230335 is divided by 57?
55
What is the remainder when 178692 is divided by 391?
5
Calculate the remainder when 522072 is divided by 89.
87
What is the remainder when 6348 is divided by 318?
306
What is the remainder when 10946 is divided by 28?
26
Calculate the remainder when 7452 is divided by 219.
6
What is the remainder when 15585 is divided by 116?
41
Calculate the remainder when 68338 is divided by 280.
18
Calculate the remainder when 4043 is divided by 147.
74
What is the remainder when 74239 is divided by 138?
133
What is the remainder when 39371 is divided by 406?
395
What is the remainder when 98559 is divided by 8?
7
What is the remainder when 194633 is divided by 22?
21
Calculate the remainder when 21588 is divided by 3582.
96
Calculate the remainder when 9699 is divided by 781.
327
Calculate the remainder when 1179 is divided by 40.
19
Calculate the remainder when 11843 is divided by 410.
363
What is the remainder when 29223 is divided by 206?
177
What is the remainder when 1572626 is divided by 62?
58
What is the remainder when 838 is divided by 105?
103
Calculate the remainder when 55505 is divided by 55222.
283
What is the remainder when 9195 is divided by 663?
576
Calculate the remainder when 37029 is divided by 150.
129
Calculate the remainder when 1888